{"id":83,"date":"2022-10-05T09:25:37","date_gmt":"2022-10-05T07:25:37","guid":{"rendered":"https:\/\/inspeeratio.ch\/weiterdenken\/?page_id=83"},"modified":"2024-05-11T11:17:06","modified_gmt":"2024-05-11T09:17:06","slug":"ueber-mich","status":"publish","type":"page","link":"https:\/\/inspeeratio.ch\/weiterdenken\/ueber-mich\/","title":{"rendered":"\u00dcber mich"},"content":{"rendered":"<h2 class=\"wp-block-heading has-text-align-center\"><strong>Inspiration, Reflexion, Texte, Workshops und Beratung aus differenzierter Perspektive f\u00fcr eine &#8222;gesunde Gesellschaft&#8220;<\/strong><\/h2>\n\n\n\n<h3 class=\"wp-block-heading has-text-align-center\">inspeeratio ist Barbara Schumacher.<\/h3>\n\n\n\n<div style=\"height:100px\" aria-hidden=\"true\" class=\"wp-block-spacer\"><\/div>\n\n\n\n<div class=\"wp-block-columns is-layout-flex wp-container-core-columns-is-layout-9d6595d7 wp-block-columns-is-layout-flex\">\n<div class=\"wp-block-column is-layout-flow wp-block-column-is-layout-flow\" style=\"flex-basis:100%\">\n<div class=\"wp-block-columns is-layout-flex wp-container-core-columns-is-layout-9d6595d7 wp-block-columns-is-layout-flex\">\n<div class=\"wp-block-column is-layout-flow wp-block-column-is-layout-flow\">\n<figure class=\"wp-block-image size-full is-style-twentytwentyone-border\"><img loading=\"lazy\" decoding=\"async\" width=\"492\" height=\"656\" src=\"https:\/\/inspeeratio.ch\/weiterdenken\/wp-content\/uploads\/2022\/10\/barbara_schumacher-1.jpg\" alt=\"\" class=\"wp-image-85\" srcset=\"https:\/\/inspeeratio.ch\/weiterdenken\/wp-content\/uploads\/2022\/10\/barbara_schumacher-1.jpg 492w, https:\/\/inspeeratio.ch\/weiterdenken\/wp-content\/uploads\/2022\/10\/barbara_schumacher-1-225x300.jpg 225w\" sizes=\"auto, (max-width: 492px) 100vw, 492px\" \/><\/figure>\n\n\n\n<p class=\"has-extra-small-font-size\"><\/p>\n<\/div>\n\n\n\n<div class=\"wp-block-column is-layout-flow wp-block-column-is-layout-flow\" style=\"flex-basis:15px\"><\/div>\n\n\n\n<div class=\"wp-block-column is-layout-flow wp-block-column-is-layout-flow\">\n<pre class=\"wp-block-verse has-extra-small-font-size\">Barbara Schumacher<br>Z\u00fcrich<br><br>- <em>inspirierend<\/em> <em>und<\/em> <em>begeisternd <\/em><br>- <em>vielseitig und Br\u00fccken bauend<\/em><br>- <em>klar, differenziert und deutlich <\/em><br>- <em>philosophisch, psychologisch und politisch <\/em><br>- <em>humorvoll und engagiert<\/em><br><br>Dozentin<br>Schriftstellerin und K\u00fcnstlerin<br>Aktivistin<br><br> <br><br><\/pre>\n<\/div>\n<\/div>\n<\/div>\n<\/div>\n\n\n\n<h2 class=\"wp-block-heading\"><strong>Lebenslauf<\/strong><\/h2>\n\n\n\n<p class=\"has-extra-small-font-size\">1988-91 kaufm\u00e4nnische Lehre <\/p>\n\n\n\n<p class=\"has-extra-small-font-size\">1991 Verwaltungsangestellte <\/p>\n\n\n\n<p class=\"has-extra-small-font-size\">1991 Sprachaufenthalt in England <\/p>\n\n\n\n<p class=\"has-extra-small-font-size\">1992-95 Finanzverwalterin in aargauischer Gemeinde <\/p>\n\n\n\n<p class=\"has-extra-small-font-size\">1992-93 Steueramtsvorsteherin in anderer aargauischer Gemeinde<\/p>\n\n\n\n<p class=\"has-extra-small-font-size\">1995-97 kantonale Maturit\u00e4tsschule f\u00fcr Erwachsene Z\u00fcrich <\/p>\n\n\n\n<p class=\"has-extra-small-font-size\"><strong>1997 Matura<\/strong> <\/p>\n\n\n\n<p class=\"has-extra-small-font-size\">1997-98 Studium in Genf (Philosophie, Arabisch) <\/p>\n\n\n\n<p class=\"has-extra-small-font-size\"><strong>1998 Freiwilligeneinsatz in Kroatien <\/strong><\/p>\n\n\n\n<p class=\"has-extra-small-font-size\"><strong>1999-2000 Freiwilligeneins\u00e4tze in Israel und Pal\u00e4stina<\/strong> <\/p>\n\n\n\n<p class=\"has-extra-small-font-size\"><strong>2000 Beginn Stimmenh\u00f6ren<\/strong> <\/p>\n\n\n\n<p class=\"has-extra-small-font-size\">2000-09 Studium an der Universit\u00e4t Z\u00fcrich <\/p>\n\n\n\n<p class=\"has-extra-small-font-size\">2000-10 kaufm\u00e4nnische Angestellte bei okaj z\u00fcrich (Kantonale Kinder- und Jugendf\u00f6rderung) <\/p>\n\n\n\n<p class=\"has-extra-small-font-size\"><strong>2009 Lizenziat\/Master in Ethnologie, Soziologie und Geschichte der Neuzeit UZH<\/strong> <\/p>\n\n\n\n<p class=\"has-extra-small-font-size\"><strong>2010-14 Projektkoordinatorin bei medico international schweiz<\/strong> <\/p>\n\n\n\n<p class=\"has-extra-small-font-size\"><strong>2013 CAS Internationale Zusammenarbeit ETHZ<\/strong> <\/p>\n\n\n\n<p class=\"has-extra-small-font-size\"><strong>2013-17 Teilnahme Psychose-Seminar Z\u00fcrich\/Engagement in Kerngruppe<\/strong> inkl. Organisation und Moderation von Filmabenden<\/p>\n\n\n\n<p class=\"has-extra-small-font-size\">2013-14 Psychologie f\u00fcr den Alltag &#8211; Grundkenntnisse in Individualpsychologie nach Alfred Adler <\/p>\n\n\n\n<p class=\"has-extra-small-font-size\">2013-17 Mitarbeit\/Teamleitung Windhorse-Projekt Z\u00fcrich <\/p>\n\n\n\n<p class=\"has-extra-small-font-size\"><strong>2013-15 Peer-Ausbildung<\/strong> <strong>Pro Mente Sana<\/strong> (zur Genesungsbegleiterin respektive Expertin aus Erfahrung) <\/p>\n\n\n\n<p class=\"has-extra-small-font-size\">2014 Einf\u00fchrungskurs Windhorse <\/p>\n\n\n\n<p class=\"has-extra-small-font-size\">2015-17 Peer in der Psychiatrischen Klinik Wil SG auf Akutstation<\/p>\n\n\n\n<p class=\"has-extra-small-font-size\"><strong>2015-23 Peer und wissenschaftliche Mitarbeiterin in der Psychiatrischen Universit\u00e4tsklinik Z\u00fcrich<\/strong> (mit Schwerpunkt auf Erstpsychosen und Stimmenh\u00f6rende, sowohl ambulant als auch station\u00e4r, inklusive eigenst\u00e4ndige Leitung mehrerer Gruppen, Organisation und Moderation von Weiterbildungsveranstaltungen sowie dem Initiieren von kleineren Projekten und Verfassen von Konzepten)<\/p>\n\n\n\n<p class=\"has-extra-small-font-size\">2015 Recovery praktisch!-Weiterbildung<strong> <\/strong> <\/p>\n\n\n\n<p class=\"has-extra-small-font-size\"><strong>2017 Weiterbildung in erfahrungsfokussierter Beratung von Stimmenh\u00f6renden (efc)<\/strong><\/p>\n\n\n\n<p class=\"has-extra-small-font-size\">2017 efc-Stimmendialogworkshop <\/p>\n\n\n\n<p class=\"has-extra-small-font-size\"><strong>2019-21 CAS  Spiritual Care Universit\u00e4t Z\u00fcrich<\/strong> <\/p>\n\n\n\n<p class=\"has-extra-small-font-size\"><strong>2021 Einf\u00fchrungskurs Somatic Experiencing<\/strong> (k\u00f6rperorientierte Traumatherapie) <\/p>\n\n\n\n<p class=\"has-extra-small-font-size\">2021 EX-IN Fortbildung Suizidalit\u00e4t <\/p>\n\n\n\n<p class=\"has-extra-small-font-size\">2022 und 2023 Kurs\/Selbsterfahrung Kontaktimprovisation mit tanztherapeutischen Methoden <\/p>\n\n\n\n<p class=\"has-extra-small-font-size\">2023 Kurs\/Selbsterfahrung Fokus auf Eigenprozess durch Tanz und Bewegung <\/p>\n\n\n\n<p class=\"has-extra-small-font-size\">diverse weitere Fortbildungen (u.a. Ethik, Themen der Psychiatrie\/Psychologie\/Peer-Arbeit)<\/p>\n\n\n\n<p class=\"has-extra-small-font-size\"><strong>2024 Gr\u00fcndung von inspeeratio: Workshops, Texte, Beratung, Veranstaltungen, diverse Projekte<\/strong> <strong>und Auftr\u00e4ge<\/strong><\/p>\n\n\n\n<div style=\"height:30px\" aria-hidden=\"true\" class=\"wp-block-spacer\"><\/div>\n\n\n<div class=\"wp-block-image is-style-twentytwentyone-border\">\n<figure class=\"aligncenter size-large is-resized\"><img loading=\"lazy\" decoding=\"async\" width=\"512\" height=\"1024\" src=\"https:\/\/inspeeratio.ch\/weiterdenken\/wp-content\/uploads\/2022\/10\/IMG_20200222_171212-512x1024.jpg\" alt=\"\" class=\"wp-image-173\" style=\"width:397px;height:795px\" srcset=\"https:\/\/inspeeratio.ch\/weiterdenken\/wp-content\/uploads\/2022\/10\/IMG_20200222_171212-512x1024.jpg 512w, https:\/\/inspeeratio.ch\/weiterdenken\/wp-content\/uploads\/2022\/10\/IMG_20200222_171212-150x300.jpg 150w, https:\/\/inspeeratio.ch\/weiterdenken\/wp-content\/uploads\/2022\/10\/IMG_20200222_171212-768x1536.jpg 768w, https:\/\/inspeeratio.ch\/weiterdenken\/wp-content\/uploads\/2022\/10\/IMG_20200222_171212-1024x2048.jpg 1024w, https:\/\/inspeeratio.ch\/weiterdenken\/wp-content\/uploads\/2022\/10\/IMG_20200222_171212-1568x3136.jpg 1568w, https:\/\/inspeeratio.ch\/weiterdenken\/wp-content\/uploads\/2022\/10\/IMG_20200222_171212-scaled.jpg 1280w\" sizes=\"auto, (max-width: 512px) 100vw, 512px\" \/><\/figure>\n<\/div>\n\n\n<div style=\"height:10px\" aria-hidden=\"true\" class=\"wp-block-spacer\"><\/div>\n\n\n\n<div style=\"height:100px\" aria-hidden=\"true\" class=\"wp-block-spacer\"><\/div>\n\n\n\n<p class=\"has-extra-small-font-size\">\u00a9 Barbara Schumacher, inspeeratio.ch<\/p>\n\n\n\n<div style=\"height:100px\" aria-hidden=\"true\" class=\"wp-block-spacer\"><\/div>\n\n\n\n<p><strong>Menu:<\/strong><\/p>\n\n\n<nav class=\"items-justified-space-between wp-block-navigation is-content-justification-space-between is-layout-flex wp-container-core-navigation-is-layout-3d213aab wp-block-navigation-is-layout-flex\" aria-label=\"Themen-Seiten\"><ul class=\"wp-block-navigation__container items-justified-space-between wp-block-navigation\"><li class=\" wp-block-navigation-item  menu-item menu-item-type-post_type menu-item-object-page menu-item-home wp-block-navigation-link\"><a class=\"wp-block-navigation-item__content\"  href=\"https:\/\/inspeeratio.ch\/weiterdenken\/\" title=\"\"><span class=\"wp-block-navigation-item__label\">inspeeratio<\/span><\/a><\/li><li class=\" wp-block-navigation-item  menu-item menu-item-type-post_type menu-item-object-page wp-block-navigation-link\"><a class=\"wp-block-navigation-item__content\"  href=\"https:\/\/inspeeratio.ch\/weiterdenken\/inspirierende-inputs\/\" title=\"\"><span class=\"wp-block-navigation-item__label\">Inspirierende Inputs<\/span><\/a><\/li><li data-wp-context=\"{ &quot;submenuOpenedBy&quot;: { &quot;click&quot;: false, &quot;hover&quot;: false, &quot;focus&quot;: false }, &quot;type&quot;: &quot;submenu&quot;, &quot;modal&quot;: null, &quot;previousFocus&quot;: null }\" data-wp-interactive=\"core\/navigation\" data-wp-on--focusout=\"actions.handleMenuFocusout\" data-wp-on--keydown=\"actions.handleMenuKeydown\" data-wp-on--mouseenter=\"actions.openMenuOnHover\" data-wp-on--mouseleave=\"actions.closeMenuOnHover\" data-wp-watch=\"callbacks.initMenu\" tabindex=\"-1\" class=\"wp-block-navigation-item has-child open-on-hover-click  menu-item menu-item-type-post_type menu-item-object-page wp-block-navigation-submenu\"><a class=\"wp-block-navigation-item__content\" href=\"https:\/\/inspeeratio.ch\/weiterdenken\/blog\/\" title=\"\"><span class=\"wp-block-navigation-item__label\">Blog<\/span><\/a><button data-wp-bind--aria-expanded=\"state.isMenuOpen\" data-wp-on--click=\"actions.toggleMenuOnClick\" aria-label=\"Untermen\u00fc von Blog\" class=\"wp-block-navigation__submenu-icon wp-block-navigation-submenu__toggle\" ><svg xmlns=\"http:\/\/www.w3.org\/2000\/svg\" width=\"12\" height=\"12\" viewBox=\"0 0 12 12\" fill=\"none\" aria-hidden=\"true\" focusable=\"false\"><path d=\"M1.50002 4L6.00002 8L10.5 4\" stroke-width=\"1.5\"><\/path><\/svg><\/button><ul data-wp-on--focus=\"actions.openMenuOnFocus\" class=\"wp-block-navigation__submenu-container  menu-item menu-item-type-post_type menu-item-object-page wp-block-navigation-submenu\"><li class=\" wp-block-navigation-item  menu-item menu-item-type-post_type menu-item-object-post wp-block-navigation-link\"><a class=\"wp-block-navigation-item__content\"  href=\"https:\/\/inspeeratio.ch\/weiterdenken\/das-prinzip-demokratie-auch-in-der-wirtschaft\/\" title=\"\"><span class=\"wp-block-navigation-item__label\">Das Prinzip Demokratie auch in der Wirtschaft!<\/span><\/a><\/li><li class=\" wp-block-navigation-item  menu-item menu-item-type-post_type menu-item-object-post wp-block-navigation-link\"><a class=\"wp-block-navigation-item__content\"  href=\"https:\/\/inspeeratio.ch\/weiterdenken\/ein-gutes-leben-macht-sinn\/\" title=\"\"><span class=\"wp-block-navigation-item__label\">Ein gutes Leben macht Sinn!<\/span><\/a><\/li><li class=\" wp-block-navigation-item  menu-item menu-item-type-post_type menu-item-object-post wp-block-navigation-link\"><a class=\"wp-block-navigation-item__content\"  href=\"https:\/\/inspeeratio.ch\/weiterdenken\/wir-sind-alle-gaeste-auf-unserem-planeten\/\" title=\"\"><span class=\"wp-block-navigation-item__label\">Wir sind alle G\u00e4ste auf unserem Planeten!<\/span><\/a><\/li><li class=\" wp-block-navigation-item  menu-item menu-item-type-post_type menu-item-object-post wp-block-navigation-link\"><a class=\"wp-block-navigation-item__content\"  href=\"https:\/\/inspeeratio.ch\/weiterdenken\/entwicklungs-zusammenarbeit-wider-systemzwaenge\/\" title=\"\"><span class=\"wp-block-navigation-item__label\">Entwicklungs-Zusammenarbeit wider Systemzw\u00e4nge<\/span><\/a><\/li><li class=\" wp-block-navigation-item  menu-item menu-item-type-post_type menu-item-object-post wp-block-navigation-link\"><a class=\"wp-block-navigation-item__content\"  href=\"https:\/\/inspeeratio.ch\/weiterdenken\/fuer-eine-differenzierte-antwort-auf-die-umstrittenen-polizeimassnahmen-gegen-eskalierende-demonstrationen\/\" title=\"\"><span class=\"wp-block-navigation-item__label\">F\u00fcr eine differenzierte Antwort auf die umstrittenen Polizeimassnahmen gegen eskalierende Demonstrationen<\/span><\/a><\/li><li class=\" wp-block-navigation-item  menu-item menu-item-type-post_type menu-item-object-post wp-block-navigation-link\"><a class=\"wp-block-navigation-item__content\"  href=\"https:\/\/inspeeratio.ch\/weiterdenken\/inneres-gespuer-als-orientierung\/\" title=\"\"><span class=\"wp-block-navigation-item__label\">Inneres Gesp\u00fcr f\u00fcr Stimmigkeit als Orientierung<\/span><\/a><\/li><li class=\" wp-block-navigation-item  menu-item menu-item-type-post_type menu-item-object-post wp-block-navigation-link\"><a class=\"wp-block-navigation-item__content\"  href=\"https:\/\/inspeeratio.ch\/weiterdenken\/wie-ein-blatt-im-wind\/\" title=\"\"><span class=\"wp-block-navigation-item__label\">Wie ein Blatt im Wind<\/span><\/a><\/li><li class=\" wp-block-navigation-item  menu-item menu-item-type-post_type menu-item-object-post wp-block-navigation-link\"><a class=\"wp-block-navigation-item__content\"  href=\"https:\/\/inspeeratio.ch\/weiterdenken\/nein-zur-umsetzungs-vorlage-fuer-die-oecd-mindeststeuer\/\" title=\"\"><span class=\"wp-block-navigation-item__label\">Nein zur Umsetzungs-Vorlage f\u00fcr die OECD-Mindeststeuer!<\/span><\/a><\/li><\/ul><\/li><li data-wp-context=\"{ &quot;submenuOpenedBy&quot;: { &quot;click&quot;: false, &quot;hover&quot;: false, &quot;focus&quot;: false }, &quot;type&quot;: &quot;submenu&quot;, &quot;modal&quot;: null, &quot;previousFocus&quot;: null }\" data-wp-interactive=\"core\/navigation\" data-wp-on--focusout=\"actions.handleMenuFocusout\" data-wp-on--keydown=\"actions.handleMenuKeydown\" data-wp-on--mouseenter=\"actions.openMenuOnHover\" data-wp-on--mouseleave=\"actions.closeMenuOnHover\" data-wp-watch=\"callbacks.initMenu\" tabindex=\"-1\" class=\"wp-block-navigation-item has-child open-on-hover-click  menu-item menu-item-type-post_type menu-item-object-page wp-block-navigation-submenu\"><a class=\"wp-block-navigation-item__content\" href=\"https:\/\/inspeeratio.ch\/weiterdenken\/psychologie-und-psychiatrie\/\" title=\"\"><span class=\"wp-block-navigation-item__label\">Psychische Gesundheit und Genesung<\/span><\/a><button data-wp-bind--aria-expanded=\"state.isMenuOpen\" data-wp-on--click=\"actions.toggleMenuOnClick\" aria-label=\"Untermen\u00fc von Psychische Gesundheit und Genesung\" class=\"wp-block-navigation__submenu-icon wp-block-navigation-submenu__toggle\" ><svg xmlns=\"http:\/\/www.w3.org\/2000\/svg\" width=\"12\" height=\"12\" viewBox=\"0 0 12 12\" fill=\"none\" aria-hidden=\"true\" focusable=\"false\"><path d=\"M1.50002 4L6.00002 8L10.5 4\" stroke-width=\"1.5\"><\/path><\/svg><\/button><ul data-wp-on--focus=\"actions.openMenuOnFocus\" class=\"wp-block-navigation__submenu-container  menu-item menu-item-type-post_type menu-item-object-page wp-block-navigation-submenu\"><li class=\" wp-block-navigation-item  menu-item menu-item-type-post_type menu-item-object-page wp-block-navigation-link\"><a class=\"wp-block-navigation-item__content\"  href=\"https:\/\/inspeeratio.ch\/weiterdenken\/workshops-und-beratung\/\" title=\"\"><span class=\"wp-block-navigation-item__label\">Workshops und Beratung<\/span><\/a><\/li><li class=\" wp-block-navigation-item  menu-item menu-item-type-post_type menu-item-object-page wp-block-navigation-link\"><a class=\"wp-block-navigation-item__content\"  href=\"https:\/\/inspeeratio.ch\/weiterdenken\/publikationen\/\" title=\"\"><span class=\"wp-block-navigation-item__label\">Publikationen<\/span><\/a><\/li><\/ul><\/li><li class=\" wp-block-navigation-item  menu-item menu-item-type-post_type menu-item-object-page wp-block-navigation-link\"><a class=\"wp-block-navigation-item__content\"  href=\"https:\/\/inspeeratio.ch\/weiterdenken\/poetry\/\" title=\"\"><span class=\"wp-block-navigation-item__label\">Poetry<\/span><\/a><\/li><li class=\" wp-block-navigation-item  menu-item menu-item-type-post_type menu-item-object-page wp-block-navigation-link\"><a class=\"wp-block-navigation-item__content\"  href=\"https:\/\/inspeeratio.ch\/weiterdenken\/pictures\/\" title=\"\"><span class=\"wp-block-navigation-item__label\">Fotographie<\/span><\/a><\/li><li class=\" wp-block-navigation-item  menu-item menu-item-type-post_type menu-item-object-page wp-block-navigation-link\"><a class=\"wp-block-navigation-item__content\"  href=\"https:\/\/inspeeratio.ch\/weiterdenken\/ueber-mich\/\" title=\"\"><span class=\"wp-block-navigation-item__label\">\u00dcber mich<\/span><\/a><\/li><\/ul><\/nav>","protected":false},"excerpt":{"rendered":"<p>Inspiration, Reflexion, Texte, Workshops und Beratung aus differenzierter Perspektive f\u00fcr eine &#8222;gesunde Gesellschaft&#8220; inspeeratio ist Barbara Schumacher. Barbara SchumacherZ\u00fcrich- inspirierend und begeisternd &#8211; vielseitig und Br\u00fccken bauend- klar, differenziert und deutlich &#8211; philosophisch, psychologisch und politisch &#8211; humorvoll und engagiertDozentinSchriftstellerin und K\u00fcnstlerinAktivistin Lebenslauf 1988-91 kaufm\u00e4nnische Lehre 1991 Verwaltungsangestellte 1991 Sprachaufenthalt in England 1992-95 Finanzverwalterin in&hellip; <a class=\"more-link\" href=\"https:\/\/inspeeratio.ch\/weiterdenken\/ueber-mich\/\"><span class=\"screen-reader-text\">\u00dcber mich<\/span> weiterlesen<\/a><\/p>\n","protected":false},"author":2,"featured_media":0,"parent":0,"menu_order":0,"comment_status":"closed","ping_status":"closed","template":"","meta":{"footnotes":""},"class_list":["post-83","page","type-page","status-publish","hentry","entry"],"_links":{"self":[{"href":"https:\/\/inspeeratio.ch\/weiterdenken\/wp-json\/wp\/v2\/pages\/83","targetHints":{"allow":["GET"]}}],"collection":[{"href":"https:\/\/inspeeratio.ch\/weiterdenken\/wp-json\/wp\/v2\/pages"}],"about":[{"href":"https:\/\/inspeeratio.ch\/weiterdenken\/wp-json\/wp\/v2\/types\/page"}],"author":[{"embeddable":true,"href":"https:\/\/inspeeratio.ch\/weiterdenken\/wp-json\/wp\/v2\/users\/2"}],"replies":[{"embeddable":true,"href":"https:\/\/inspeeratio.ch\/weiterdenken\/wp-json\/wp\/v2\/comments?post=83"}],"version-history":[{"count":71,"href":"https:\/\/inspeeratio.ch\/weiterdenken\/wp-json\/wp\/v2\/pages\/83\/revisions"}],"predecessor-version":[{"id":1372,"href":"https:\/\/inspeeratio.ch\/weiterdenken\/wp-json\/wp\/v2\/pages\/83\/revisions\/1372"}],"wp:attachment":[{"href":"https:\/\/inspeeratio.ch\/weiterdenken\/wp-json\/wp\/v2\/media?parent=83"}],"curies":[{"name":"wp","href":"https:\/\/api.w.org\/{rel}","templated":true}]}}