{"id":8,"date":"2022-07-31T20:35:34","date_gmt":"2022-07-31T18:35:34","guid":{"rendered":"https:\/\/inspeeratio.ch\/weiterdenken\/?page_id=8"},"modified":"2024-05-05T20:58:14","modified_gmt":"2024-05-05T18:58:14","slug":"inspeeratio","status":"publish","type":"page","link":"https:\/\/inspeeratio.ch\/weiterdenken\/","title":{"rendered":"inspeeratio"},"content":{"rendered":"<p class=\"has-large-font-size\"><\/p>\n\n\n\n<h2 class=\"wp-block-heading has-text-align-center has-huge-font-size\"><strong>inspeeratio<\/strong><\/h2>\n\n\n\n<div style=\"height:100px\" aria-hidden=\"true\" class=\"wp-block-spacer\"><\/div>\n\n\n\n<h2 class=\"wp-block-heading has-text-align-center\"><strong>Inspiration, Reflexion, Texte, Workshops und Beratung<\/strong><\/h2>\n\n\n\n<h3 class=\"wp-block-heading has-text-align-center\">inspeeratio ist Barbara Schumacher.<\/h3>\n\n\n\n<div style=\"height:100px\" aria-hidden=\"true\" class=\"wp-block-spacer\"><\/div>\n\n\n<div class=\"wp-block-image is-style-twentytwentyone-border\">\n<figure class=\"aligncenter size-large is-resized\"><img loading=\"lazy\" decoding=\"async\" width=\"768\" height=\"1024\" src=\"https:\/\/inspeeratio.ch\/weiterdenken\/wp-content\/uploads\/2023\/03\/IMG_20190723_100514-Kopie-768x1024.jpg\" alt=\"\" class=\"wp-image-834\" style=\"width:547px;height:730px\" srcset=\"https:\/\/inspeeratio.ch\/weiterdenken\/wp-content\/uploads\/2023\/03\/IMG_20190723_100514-Kopie-768x1024.jpg 768w, https:\/\/inspeeratio.ch\/weiterdenken\/wp-content\/uploads\/2023\/03\/IMG_20190723_100514-Kopie-225x300.jpg 225w, https:\/\/inspeeratio.ch\/weiterdenken\/wp-content\/uploads\/2023\/03\/IMG_20190723_100514-Kopie-1152x1536.jpg 1152w, https:\/\/inspeeratio.ch\/weiterdenken\/wp-content\/uploads\/2023\/03\/IMG_20190723_100514-Kopie-1536x2048.jpg 1536w, https:\/\/inspeeratio.ch\/weiterdenken\/wp-content\/uploads\/2023\/03\/IMG_20190723_100514-Kopie-1568x2091.jpg 1568w, https:\/\/inspeeratio.ch\/weiterdenken\/wp-content\/uploads\/2023\/03\/IMG_20190723_100514-Kopie-scaled.jpg 1920w\" sizes=\"auto, (max-width: 768px) 100vw, 768px\" \/><\/figure>\n<\/div>\n\n\n<div style=\"height:100px\" aria-hidden=\"true\" class=\"wp-block-spacer\"><\/div>\n\n\n\n<p class=\"has-text-align-center has-large-font-size\"><strong><strong>inspeeratio bedeutet Inspiration, Reflexion, Workshops, Texte und Beratung aus differenzierter Perspektive f\u00fcr eine &#8222;gesunde Gesellschaft&#8220; und ein gutes, gelingendes individuelles und soziales Leben<\/strong><\/strong>.<\/p>\n\n\n\n<p class=\"has-text-align-center has-yellow-background-color has-background\">Wenn es um eine &#8222;gesunde Gesellschaft&#8220; und ein gelingendes soziales Leben geht, sind wir alle Peers- und zwar indem alle Menschen als gleichberechtigte Partner:innen daran teilhaben.<\/p>\n\n\n\n<p class=\"has-text-align-center has-large-font-size\"><strong> <\/strong>Als vielseitig interessierte Person ist es mir ein Anliegen, mich in verschiedener Hinsicht f\u00fcr eine &#8222;gesunde Gesellschaft&#8220; einzusetzen. Gerne bringe ich dabei meine unterschiedlichen F\u00e4higkeiten und Erfahrungen in Projekte, Texte und Veranstaltungen ein, um nicht nur individuelle psychische Gesundheit, sondern auch ein gesundes Miteinander zu erm\u00f6glichen und zu st\u00e4rken oder die dazu n\u00f6tigen Bedingungen zu reflektieren und zu hilfreichen, konstruktiven Tendenzen zu inspirieren und zu empowern.<\/p>\n\n\n\n<p class=\"has-text-align-center has-large-font-size\"><strong>Es geht mir auch darum, ganz unterschiedliche Menschen f\u00fcr Anderes, ihnen bisher Fremdes zu interessieren, und Br\u00fccken zu bauen f\u00fcr besseres gegenseitiges Verstehen und mehr Empathie, Mitgef\u00fchl und Kooperation.<\/strong><\/p>\n\n\n\n<p class=\"has-text-align-center has-large-font-size\">Mein Talent, Perspektiven zu wechseln, meine Offenheit und F\u00e4higkeit, aneinander ankn\u00fcpfbare Sprache f\u00fcr ganz unterschiedlich ausgerichtete Menschen und ihre diversen Erfahrungen zu finden, erm\u00f6glicht neue und wom\u00f6glich \u00fcberraschende Einsichten in Zusammenh\u00e4nge. Meine Klarheit und Begeisterungsf\u00e4higkeit sowie mein feinf\u00fchliges Gesp\u00fcr f\u00fcr andere Menschen und f\u00fcr Kommunikation sind hilfreich, um andere Menschen daf\u00fcr ins Boot zu holen, bessere Chancen aller Menschen auf ein gutes, gelingendes, gesundes und zufriedenes Leben zu schaffen, und uns gemeinsam f\u00fcr eine faire, offene, konstruktive und nachhaltige Gesellschaft einzusetzen.<\/p>\n\n\n\n<p class=\"has-yellow-background-color has-background\">Es ist mir ein Anliegen, meine Beitr\u00e4ge ganzheitlich und inspirierend zu gestalten, denn ich bin der Meinung, dass es f\u00fcr individuelle und gesellschaftliche Ver\u00e4nderungen und nachhaltige Lernerfahrungen nicht nur kognitiven, sondern beispielsweise auch emotionalen Input braucht.<\/p>\n\n\n\n<div style=\"height:31px\" aria-hidden=\"true\" class=\"wp-block-spacer\"><\/div>\n\n\n\n<p class=\"has-text-align-left has-normal-font-size\">Ich organisiere und gestalte eigene Workshops, arbeite aber auch gerne bei passenden Projekten, beispielsweise in der Aus- und Weiterbildung von Fachpersonen im Bereich psychische Gesundheit, an \u00f6ffentlichen Veranstaltungen, in politischen Kampagnen oder bei Publikationen mit. Neben der T\u00e4tigkeit als Dozentin, bin ich auch als Schriftstellerin t\u00e4tig, schreibe literarische Werke ebenso wie philosophische und politische Essays und Artikel.<\/p>\n\n\n\n<p>Ausserdem bin ich ein kreativer Mensch, zeichne, fotografiere und tanze sehr gerne und spiele ab und zu Impro-Theater.<\/p>\n\n\n\n<p><em>Ich freue mich \u00fcber Ihre Auftr\u00e4ge und Kooperationsangebote und nehme diesbez\u00fcgliche Anfragen gerne entgegen. Konkretere Angebote f\u00fcr m\u00f6gliche Beitr\u00e4ge von mir finden Sie auf den entsprechenden Unterseiten. Ich freue mich aber auch immer \u00fcber neue Herausforderungen und lerne gerne dazu.<\/em><\/p>\n\n\n\n<div style=\"height:30px\" aria-hidden=\"true\" class=\"wp-block-spacer\"><\/div>\n\n\n\n<figure class=\"wp-block-image size-large is-style-twentytwentyone-border\"><img loading=\"lazy\" decoding=\"async\" width=\"1024\" height=\"512\" src=\"https:\/\/inspeeratio.ch\/weiterdenken\/wp-content\/uploads\/2022\/10\/IMG_20181108_084843-Kopie-1-1024x512.jpg\" alt=\"\" class=\"wp-image-454\" srcset=\"https:\/\/inspeeratio.ch\/weiterdenken\/wp-content\/uploads\/2022\/10\/IMG_20181108_084843-Kopie-1-1024x512.jpg 1024w, https:\/\/inspeeratio.ch\/weiterdenken\/wp-content\/uploads\/2022\/10\/IMG_20181108_084843-Kopie-1-300x150.jpg 300w, https:\/\/inspeeratio.ch\/weiterdenken\/wp-content\/uploads\/2022\/10\/IMG_20181108_084843-Kopie-1-768x384.jpg 768w, https:\/\/inspeeratio.ch\/weiterdenken\/wp-content\/uploads\/2022\/10\/IMG_20181108_084843-Kopie-1-1536x768.jpg 1536w, https:\/\/inspeeratio.ch\/weiterdenken\/wp-content\/uploads\/2022\/10\/IMG_20181108_084843-Kopie-1-2048x1024.jpg 2048w, https:\/\/inspeeratio.ch\/weiterdenken\/wp-content\/uploads\/2022\/10\/IMG_20181108_084843-Kopie-1-1568x784.jpg 1568w\" sizes=\"auto, (max-width: 1024px) 100vw, 1024px\" \/><\/figure>\n\n\n\n<p class=\"has-extra-small-font-size\">\u00a9 Barbara Schumacher, inspeeratio.ch<\/p>\n\n\n\n<div style=\"height:100px\" aria-hidden=\"true\" class=\"wp-block-spacer\"><\/div>\n\n\n\n<p><strong>Menu:<\/strong><\/p>\n\n\n<nav class=\"has-extra-small-font-size items-justified-space-between wp-block-navigation is-horizontal is-content-justification-space-between is-layout-flex wp-container-core-navigation-is-layout-9262d1ff wp-block-navigation-is-layout-flex\" aria-label=\"Themen-Seiten\"><ul class=\"wp-block-navigation__container has-extra-small-font-size items-justified-space-between wp-block-navigation has-extra-small-font-size\"><li class=\"has-extra-small-font-size wp-block-navigation-item  menu-item menu-item-type-post_type menu-item-object-page menu-item-home wp-block-navigation-link\"><a class=\"wp-block-navigation-item__content\"  href=\"https:\/\/inspeeratio.ch\/weiterdenken\/\" title=\"\"><span class=\"wp-block-navigation-item__label\">inspeeratio<\/span><\/a><\/li><li class=\"has-extra-small-font-size wp-block-navigation-item  menu-item menu-item-type-post_type menu-item-object-page wp-block-navigation-link\"><a class=\"wp-block-navigation-item__content\"  href=\"https:\/\/inspeeratio.ch\/weiterdenken\/inspirierende-inputs\/\" title=\"\"><span class=\"wp-block-navigation-item__label\">Inspirierende Inputs<\/span><\/a><\/li><li data-wp-context=\"{ &quot;submenuOpenedBy&quot;: { &quot;click&quot;: false, &quot;hover&quot;: false, &quot;focus&quot;: false }, &quot;type&quot;: &quot;submenu&quot;, &quot;modal&quot;: null, &quot;previousFocus&quot;: null }\" data-wp-interactive=\"core\/navigation\" data-wp-on--focusout=\"actions.handleMenuFocusout\" data-wp-on--keydown=\"actions.handleMenuKeydown\" data-wp-on--mouseenter=\"actions.openMenuOnHover\" data-wp-on--mouseleave=\"actions.closeMenuOnHover\" data-wp-watch=\"callbacks.initMenu\" tabindex=\"-1\" class=\"wp-block-navigation-item has-extra-small-font-size has-child open-on-hover-click  menu-item menu-item-type-post_type menu-item-object-page wp-block-navigation-submenu\"><a class=\"wp-block-navigation-item__content\" href=\"https:\/\/inspeeratio.ch\/weiterdenken\/blog\/\" title=\"\"><span class=\"wp-block-navigation-item__label\">Blog<\/span><\/a><button data-wp-bind--aria-expanded=\"state.isMenuOpen\" data-wp-on--click=\"actions.toggleMenuOnClick\" aria-label=\"Untermen\u00fc von Blog\" class=\"wp-block-navigation__submenu-icon wp-block-navigation-submenu__toggle\" ><svg xmlns=\"http:\/\/www.w3.org\/2000\/svg\" width=\"12\" height=\"12\" viewBox=\"0 0 12 12\" fill=\"none\" aria-hidden=\"true\" focusable=\"false\"><path d=\"M1.50002 4L6.00002 8L10.5 4\" stroke-width=\"1.5\"><\/path><\/svg><\/button><ul data-wp-on--focus=\"actions.openMenuOnFocus\" class=\"wp-block-navigation__submenu-container  menu-item menu-item-type-post_type menu-item-object-page wp-block-navigation-submenu\"><li class=\"has-extra-small-font-size wp-block-navigation-item  menu-item menu-item-type-post_type menu-item-object-post wp-block-navigation-link\"><a class=\"wp-block-navigation-item__content\"  href=\"https:\/\/inspeeratio.ch\/weiterdenken\/das-prinzip-demokratie-auch-in-der-wirtschaft\/\" title=\"\"><span class=\"wp-block-navigation-item__label\">Das Prinzip Demokratie auch in der Wirtschaft!<\/span><\/a><\/li><li class=\"has-extra-small-font-size wp-block-navigation-item  menu-item menu-item-type-post_type menu-item-object-post wp-block-navigation-link\"><a class=\"wp-block-navigation-item__content\"  href=\"https:\/\/inspeeratio.ch\/weiterdenken\/ein-gutes-leben-macht-sinn\/\" title=\"\"><span class=\"wp-block-navigation-item__label\">Ein gutes Leben macht Sinn!<\/span><\/a><\/li><li class=\"has-extra-small-font-size wp-block-navigation-item  menu-item menu-item-type-post_type menu-item-object-post wp-block-navigation-link\"><a class=\"wp-block-navigation-item__content\"  href=\"https:\/\/inspeeratio.ch\/weiterdenken\/wir-sind-alle-gaeste-auf-unserem-planeten\/\" title=\"\"><span class=\"wp-block-navigation-item__label\">Wir sind alle G\u00e4ste auf unserem Planeten!<\/span><\/a><\/li><li class=\"has-extra-small-font-size wp-block-navigation-item  menu-item menu-item-type-post_type menu-item-object-post wp-block-navigation-link\"><a class=\"wp-block-navigation-item__content\"  href=\"https:\/\/inspeeratio.ch\/weiterdenken\/entwicklungs-zusammenarbeit-wider-systemzwaenge\/\" title=\"\"><span class=\"wp-block-navigation-item__label\">Entwicklungs-Zusammenarbeit wider Systemzw\u00e4nge<\/span><\/a><\/li><li class=\"has-extra-small-font-size wp-block-navigation-item  menu-item menu-item-type-post_type menu-item-object-post wp-block-navigation-link\"><a class=\"wp-block-navigation-item__content\"  href=\"https:\/\/inspeeratio.ch\/weiterdenken\/fuer-eine-differenzierte-antwort-auf-die-umstrittenen-polizeimassnahmen-gegen-eskalierende-demonstrationen\/\" title=\"\"><span class=\"wp-block-navigation-item__label\">F\u00fcr eine differenzierte Antwort auf die umstrittenen Polizeimassnahmen gegen eskalierende Demonstrationen<\/span><\/a><\/li><li class=\"has-extra-small-font-size wp-block-navigation-item  menu-item menu-item-type-post_type menu-item-object-post wp-block-navigation-link\"><a class=\"wp-block-navigation-item__content\"  href=\"https:\/\/inspeeratio.ch\/weiterdenken\/inneres-gespuer-als-orientierung\/\" title=\"\"><span class=\"wp-block-navigation-item__label\">Inneres Gesp\u00fcr f\u00fcr Stimmigkeit als Orientierung<\/span><\/a><\/li><li class=\"has-extra-small-font-size wp-block-navigation-item  menu-item menu-item-type-post_type menu-item-object-post wp-block-navigation-link\"><a class=\"wp-block-navigation-item__content\"  href=\"https:\/\/inspeeratio.ch\/weiterdenken\/wie-ein-blatt-im-wind\/\" title=\"\"><span class=\"wp-block-navigation-item__label\">Wie ein Blatt im Wind<\/span><\/a><\/li><li class=\"has-extra-small-font-size wp-block-navigation-item  menu-item menu-item-type-post_type menu-item-object-post wp-block-navigation-link\"><a class=\"wp-block-navigation-item__content\"  href=\"https:\/\/inspeeratio.ch\/weiterdenken\/nein-zur-umsetzungs-vorlage-fuer-die-oecd-mindeststeuer\/\" title=\"\"><span class=\"wp-block-navigation-item__label\">Nein zur Umsetzungs-Vorlage f\u00fcr die OECD-Mindeststeuer!<\/span><\/a><\/li><\/ul><\/li><li data-wp-context=\"{ &quot;submenuOpenedBy&quot;: { &quot;click&quot;: false, &quot;hover&quot;: false, &quot;focus&quot;: false }, &quot;type&quot;: &quot;submenu&quot;, &quot;modal&quot;: null, &quot;previousFocus&quot;: null }\" data-wp-interactive=\"core\/navigation\" data-wp-on--focusout=\"actions.handleMenuFocusout\" data-wp-on--keydown=\"actions.handleMenuKeydown\" data-wp-on--mouseenter=\"actions.openMenuOnHover\" data-wp-on--mouseleave=\"actions.closeMenuOnHover\" data-wp-watch=\"callbacks.initMenu\" tabindex=\"-1\" class=\"wp-block-navigation-item has-extra-small-font-size has-child open-on-hover-click  menu-item menu-item-type-post_type menu-item-object-page wp-block-navigation-submenu\"><a class=\"wp-block-navigation-item__content\" href=\"https:\/\/inspeeratio.ch\/weiterdenken\/psychologie-und-psychiatrie\/\" title=\"\"><span class=\"wp-block-navigation-item__label\">Psychische Gesundheit und Genesung<\/span><\/a><button data-wp-bind--aria-expanded=\"state.isMenuOpen\" data-wp-on--click=\"actions.toggleMenuOnClick\" aria-label=\"Untermen\u00fc von Psychische Gesundheit und Genesung\" class=\"wp-block-navigation__submenu-icon wp-block-navigation-submenu__toggle\" ><svg xmlns=\"http:\/\/www.w3.org\/2000\/svg\" width=\"12\" height=\"12\" viewBox=\"0 0 12 12\" fill=\"none\" aria-hidden=\"true\" focusable=\"false\"><path d=\"M1.50002 4L6.00002 8L10.5 4\" stroke-width=\"1.5\"><\/path><\/svg><\/button><ul data-wp-on--focus=\"actions.openMenuOnFocus\" class=\"wp-block-navigation__submenu-container  menu-item menu-item-type-post_type menu-item-object-page wp-block-navigation-submenu\"><li class=\"has-extra-small-font-size wp-block-navigation-item  menu-item menu-item-type-post_type menu-item-object-page wp-block-navigation-link\"><a class=\"wp-block-navigation-item__content\"  href=\"https:\/\/inspeeratio.ch\/weiterdenken\/workshops-und-beratung\/\" title=\"\"><span class=\"wp-block-navigation-item__label\">Workshops und Beratung<\/span><\/a><\/li><li class=\"has-extra-small-font-size wp-block-navigation-item  menu-item menu-item-type-post_type menu-item-object-page wp-block-navigation-link\"><a class=\"wp-block-navigation-item__content\"  href=\"https:\/\/inspeeratio.ch\/weiterdenken\/publikationen\/\" title=\"\"><span class=\"wp-block-navigation-item__label\">Publikationen<\/span><\/a><\/li><\/ul><\/li><li class=\"has-extra-small-font-size wp-block-navigation-item  menu-item menu-item-type-post_type menu-item-object-page wp-block-navigation-link\"><a class=\"wp-block-navigation-item__content\"  href=\"https:\/\/inspeeratio.ch\/weiterdenken\/poetry\/\" title=\"\"><span class=\"wp-block-navigation-item__label\">Poetry<\/span><\/a><\/li><li class=\"has-extra-small-font-size wp-block-navigation-item  menu-item menu-item-type-post_type menu-item-object-page wp-block-navigation-link\"><a class=\"wp-block-navigation-item__content\"  href=\"https:\/\/inspeeratio.ch\/weiterdenken\/pictures\/\" title=\"\"><span class=\"wp-block-navigation-item__label\">Fotographie<\/span><\/a><\/li><li class=\"has-extra-small-font-size wp-block-navigation-item  menu-item menu-item-type-post_type menu-item-object-page wp-block-navigation-link\"><a class=\"wp-block-navigation-item__content\"  href=\"https:\/\/inspeeratio.ch\/weiterdenken\/ueber-mich\/\" title=\"\"><span class=\"wp-block-navigation-item__label\">\u00dcber mich<\/span><\/a><\/li><\/ul><\/nav>","protected":false},"excerpt":{"rendered":"<p>inspeeratio Inspiration, Reflexion, Texte, Workshops und Beratung inspeeratio ist Barbara Schumacher. inspeeratio bedeutet Inspiration, Reflexion, Workshops, Texte und Beratung aus differenzierter Perspektive f\u00fcr eine &#8222;gesunde Gesellschaft&#8220; und ein gutes, gelingendes individuelles und soziales Leben. Wenn es um eine &#8222;gesunde Gesellschaft&#8220; und ein gelingendes soziales Leben geht, sind wir alle Peers- und zwar indem alle Menschen&hellip; <a class=\"more-link\" href=\"https:\/\/inspeeratio.ch\/weiterdenken\/\"><span class=\"screen-reader-text\">inspeeratio<\/span> weiterlesen<\/a><\/p>\n","protected":false},"author":2,"featured_media":0,"parent":0,"menu_order":0,"comment_status":"closed","ping_status":"closed","template":"","meta":{"footnotes":""},"class_list":["post-8","page","type-page","status-publish","hentry","entry"],"_links":{"self":[{"href":"https:\/\/inspeeratio.ch\/weiterdenken\/wp-json\/wp\/v2\/pages\/8","targetHints":{"allow":["GET"]}}],"collection":[{"href":"https:\/\/inspeeratio.ch\/weiterdenken\/wp-json\/wp\/v2\/pages"}],"about":[{"href":"https:\/\/inspeeratio.ch\/weiterdenken\/wp-json\/wp\/v2\/types\/page"}],"author":[{"embeddable":true,"href":"https:\/\/inspeeratio.ch\/weiterdenken\/wp-json\/wp\/v2\/users\/2"}],"replies":[{"embeddable":true,"href":"https:\/\/inspeeratio.ch\/weiterdenken\/wp-json\/wp\/v2\/comments?post=8"}],"version-history":[{"count":124,"href":"https:\/\/inspeeratio.ch\/weiterdenken\/wp-json\/wp\/v2\/pages\/8\/revisions"}],"predecessor-version":[{"id":1322,"href":"https:\/\/inspeeratio.ch\/weiterdenken\/wp-json\/wp\/v2\/pages\/8\/revisions\/1322"}],"wp:attachment":[{"href":"https:\/\/inspeeratio.ch\/weiterdenken\/wp-json\/wp\/v2\/media?parent=8"}],"curies":[{"name":"wp","href":"https:\/\/api.w.org\/{rel}","templated":true}]}}