{"id":750,"date":"2023-03-14T15:22:49","date_gmt":"2023-03-14T14:22:49","guid":{"rendered":"https:\/\/inspeeratio.ch\/weiterdenken\/?page_id=750"},"modified":"2024-05-05T21:14:24","modified_gmt":"2024-05-05T19:14:24","slug":"publikationen","status":"publish","type":"page","link":"https:\/\/inspeeratio.ch\/weiterdenken\/publikationen\/","title":{"rendered":"Publikationen"},"content":{"rendered":"<h2 class=\"wp-block-heading has-text-align-center\"><strong>Inspiration, Reflexion und Beratung aus Peer-Perspektive<\/strong><\/h2>\n\n\n\n<div style=\"height:100px\" aria-hidden=\"true\" class=\"wp-block-spacer\"><\/div>\n\n\n\n<figure class=\"wp-block-image size-large is-style-twentytwentyone-border\"><img loading=\"lazy\" decoding=\"async\" width=\"1024\" height=\"768\" src=\"https:\/\/inspeeratio.ch\/weiterdenken\/wp-content\/uploads\/2023\/03\/IMG_2747-1024x768.jpg\" alt=\"\" class=\"wp-image-767\" srcset=\"https:\/\/inspeeratio.ch\/weiterdenken\/wp-content\/uploads\/2023\/03\/IMG_2747-1024x768.jpg 1024w, https:\/\/inspeeratio.ch\/weiterdenken\/wp-content\/uploads\/2023\/03\/IMG_2747-300x225.jpg 300w, https:\/\/inspeeratio.ch\/weiterdenken\/wp-content\/uploads\/2023\/03\/IMG_2747-768x576.jpg 768w, https:\/\/inspeeratio.ch\/weiterdenken\/wp-content\/uploads\/2023\/03\/IMG_2747-1536x1152.jpg 1536w, https:\/\/inspeeratio.ch\/weiterdenken\/wp-content\/uploads\/2023\/03\/IMG_2747-2048x1536.jpg 2048w, https:\/\/inspeeratio.ch\/weiterdenken\/wp-content\/uploads\/2023\/03\/IMG_2747-1568x1176.jpg 1568w\" sizes=\"auto, (max-width: 1024px) 100vw, 1024px\" \/><\/figure>\n\n\n\n<div style=\"height:30px\" aria-hidden=\"true\" class=\"wp-block-spacer\"><\/div>\n\n\n\n<p>Schumacher B. (2023). Was braucht es, damit Behandlungsangebote f\u00fcr Menschen in akuten Krisen hilfreich sind? In: Mahler L., Jarchov-Jadi I., J\u00e4ger M. (2023). Praxishandbuch Akutpsychiatrie, Psychiatrie-Verlag: <a href=\"https:\/\/psychiatrie-verlag.de\/product\/praxishandbuch-akutpsychiatrie\/\">https:\/\/psychiatrie-verlag.de\/product\/praxishandbuch-akutpsychiatrie\/<\/a><\/p>\n\n\n\n<div style=\"height:10px\" aria-hidden=\"true\" class=\"wp-block-spacer\"><\/div>\n\n\n\n<p>Schumacher B. (2022). Wie ein Blatt im Wind. Die Belastung durch Ungewissheit und ihre Transformation. Psychiatrische Pflege, 7 (5): 9-12. <em>Die urspr\u00fcngliche Version finden Sie auch auf dieser Website: <\/em><a href=\"https:\/\/inspeeratio.ch\/weiterdenken\/wie-ein-blatt-im-wind\/\">https:\/\/inspeeratio.ch\/weiterdenken\/wie-ein-blatt-im-wind\/<\/a><\/p>\n\n\n\n<div style=\"height:10px\" aria-hidden=\"true\" class=\"wp-block-spacer\"><\/div>\n\n\n\n<p>Schumacher B. (2022). Ein gutes Leben macht Sinn. Was es braucht, um das Dasein als erf\u00fcllt zu erleben. Psychiatrische Pflege 7 (1) 1-5. <a href=\"https:\/\/doi.org\/10.1024\/2297-6965\/a000407\">https:\/\/doi.org\/10.1024\/2297-6965\/a000407<\/a> <em>Die urspr\u00fcngliche Version finden Sie auch auf dieser Website: <a href=\"https:\/\/inspeeratio.ch\/weiterdenken\/ein-gutes-leben-macht-sinn\/\">https:\/\/inspeeratio.ch\/weiterdenken\/ein-gutes-leben-macht-sinn\/<\/a><\/em><\/p>\n\n\n\n<div style=\"height:10px\" aria-hidden=\"true\" class=\"wp-block-spacer\"><\/div>\n\n\n\n<p>Hahn S. (2018). Kamingespr\u00e4ch: Gemeinsam an der Haltung arbeiten. Sabine Hahn im Gespr\u00e4ch mit Barbara Schumacher. Psychiatrische Pflege, 3 (5): 25-27. <a href=\"https:\/\/doi.org\/10.1024\/2297-6965\/a000189\">https:\/\/doi.org\/10.1024\/2297-6965\/a000189<\/a><\/p>\n\n\n\n<div style=\"height:10px\" aria-hidden=\"true\" class=\"wp-block-spacer\"><\/div>\n\n\n\n<p>Schnackenberg J., Schumacher B., Debesay S. (2019). Stimmenh\u00f6ren und Recovery: erfahrungsfokussierte Beratung mit Stimmenh\u00f6renden &#8211; ein Aufruf zu neuen und mutigen Beziehungen. Psychiatrische Pflege Heute, 25 (3): 139 &#8211; 146. <a rel=\"noreferrer noopener\" href=\"https:\/\/www.thieme-connect.de\/products\/ejournals\/journal\/10.1055\/s-00000061\" target=\"_blank\">https:\/\/www.thieme-connect.de\/products\/ejournals\/journal\/10.1055\/s-00000061<\/a><\/p>\n\n\n\n<div style=\"height:10px\" aria-hidden=\"true\" class=\"wp-block-spacer\"><\/div>\n\n\n\n<p>Burr C., Zehnder U., Schumacher B. (2018). Recovery-orientierte Psychoedukation bei Menschen mit Psychoseerfahrung. Ergebnisse einer trialogischen Zukunftswerkstatt. Sozialpsychiatrische Information, 48(3), 24-29. <\/p>\n\n\n\n<div style=\"height:10px\" aria-hidden=\"true\" class=\"wp-block-spacer\"><\/div>\n\n\n\n<p>Schumacher B., Jaeger M. (2019). Peer-Arbeit in der Akutpsychiatrie.<br>Vertiefte Auseinandersetzung mit Recovery als Bedingung und Folge. Dossier Deutsche Gesellschaft f\u00fcr Soziale Psychiatrie. <\/p>\n\n\n\n<div style=\"height:10px\" aria-hidden=\"true\" class=\"wp-block-spacer\"><\/div>\n\n\n\n<p>Schumacher B. (2019). Gelassenheit, Hartn\u00e4ckigkeit und Augenh\u00f6he. Dossier Deutsche Gesellschaft f\u00fcr Soziale Psychiatrie.<\/p>\n\n\n\n<div style=\"height:10px\" aria-hidden=\"true\" class=\"wp-block-spacer\"><\/div>\n\n\n\n<p>Das Dossier mit beiden Artikeln kann heruntergeladen werden:<\/p>\n\n\n\n<p><a href=\"https:\/\/www.dgsp-ev.de\/fileadmin\/user_files\/dgsp\/pdfs\/Publikationen\/DGSP-Dossier_Soziale_Psychiatrie_und_Klinik.pdf\">https:\/\/www.dgsp-ev.de\/fileadmin\/user_files\/dgsp\/pdfs\/Publikationen\/DGSP-Dossier_Soziale_Psychiatrie_und_Klinik.pdf<\/a><\/p>\n\n\n\n<div style=\"height:30px\" aria-hidden=\"true\" class=\"wp-block-spacer\"><\/div>\n\n\n\n<hr class=\"wp-block-separator has-alpha-channel-opacity\"\/>\n\n\n\n<figure class=\"wp-block-image size-large is-style-twentytwentyone-border\"><img loading=\"lazy\" decoding=\"async\" width=\"1024\" height=\"512\" src=\"https:\/\/inspeeratio.ch\/weiterdenken\/wp-content\/uploads\/2023\/03\/IMG_20200331_185851-Kopie-1024x512.jpg\" alt=\"\" class=\"wp-image-769\" srcset=\"https:\/\/inspeeratio.ch\/weiterdenken\/wp-content\/uploads\/2023\/03\/IMG_20200331_185851-Kopie-1024x512.jpg 1024w, https:\/\/inspeeratio.ch\/weiterdenken\/wp-content\/uploads\/2023\/03\/IMG_20200331_185851-Kopie-300x150.jpg 300w, https:\/\/inspeeratio.ch\/weiterdenken\/wp-content\/uploads\/2023\/03\/IMG_20200331_185851-Kopie-768x384.jpg 768w, https:\/\/inspeeratio.ch\/weiterdenken\/wp-content\/uploads\/2023\/03\/IMG_20200331_185851-Kopie-1536x768.jpg 1536w, https:\/\/inspeeratio.ch\/weiterdenken\/wp-content\/uploads\/2023\/03\/IMG_20200331_185851-Kopie-2048x1024.jpg 2048w, https:\/\/inspeeratio.ch\/weiterdenken\/wp-content\/uploads\/2023\/03\/IMG_20200331_185851-Kopie-1568x784.jpg 1568w\" sizes=\"auto, (max-width: 1024px) 100vw, 1024px\" \/><\/figure>\n\n\n\n<div style=\"height:30px\" aria-hidden=\"true\" class=\"wp-block-spacer\"><\/div>\n\n\n\n<div style=\"height:30px\" aria-hidden=\"true\" class=\"wp-block-spacer\"><\/div>\n\n\n\n<p><strong>Menu:<\/strong><\/p>\n\n\n<nav class=\"items-justified-space-between wp-block-navigation is-content-justification-space-between is-layout-flex wp-container-core-navigation-is-layout-3d213aab wp-block-navigation-is-layout-flex\" aria-label=\"Themen-Seiten\"><ul class=\"wp-block-navigation__container items-justified-space-between wp-block-navigation\"><li class=\" wp-block-navigation-item  menu-item menu-item-type-post_type menu-item-object-page menu-item-home wp-block-navigation-link\"><a class=\"wp-block-navigation-item__content\"  href=\"https:\/\/inspeeratio.ch\/weiterdenken\/\" title=\"\"><span class=\"wp-block-navigation-item__label\">inspeeratio<\/span><\/a><\/li><li class=\" wp-block-navigation-item  menu-item menu-item-type-post_type menu-item-object-page wp-block-navigation-link\"><a class=\"wp-block-navigation-item__content\"  href=\"https:\/\/inspeeratio.ch\/weiterdenken\/inspirierende-inputs\/\" title=\"\"><span class=\"wp-block-navigation-item__label\">Inspirierende Inputs<\/span><\/a><\/li><li data-wp-context=\"{ &quot;submenuOpenedBy&quot;: { &quot;click&quot;: false, &quot;hover&quot;: false, &quot;focus&quot;: false }, &quot;type&quot;: &quot;submenu&quot;, &quot;modal&quot;: null, &quot;previousFocus&quot;: null }\" data-wp-interactive=\"core\/navigation\" data-wp-on--focusout=\"actions.handleMenuFocusout\" data-wp-on--keydown=\"actions.handleMenuKeydown\" data-wp-on--mouseenter=\"actions.openMenuOnHover\" data-wp-on--mouseleave=\"actions.closeMenuOnHover\" data-wp-watch=\"callbacks.initMenu\" tabindex=\"-1\" class=\"wp-block-navigation-item has-child open-on-hover-click  menu-item menu-item-type-post_type menu-item-object-page wp-block-navigation-submenu\"><a class=\"wp-block-navigation-item__content\" href=\"https:\/\/inspeeratio.ch\/weiterdenken\/blog\/\" title=\"\"><span class=\"wp-block-navigation-item__label\">Blog<\/span><\/a><button data-wp-bind--aria-expanded=\"state.isMenuOpen\" data-wp-on--click=\"actions.toggleMenuOnClick\" aria-label=\"Untermen\u00fc von Blog\" class=\"wp-block-navigation__submenu-icon wp-block-navigation-submenu__toggle\" ><svg xmlns=\"http:\/\/www.w3.org\/2000\/svg\" width=\"12\" height=\"12\" viewBox=\"0 0 12 12\" fill=\"none\" aria-hidden=\"true\" focusable=\"false\"><path d=\"M1.50002 4L6.00002 8L10.5 4\" stroke-width=\"1.5\"><\/path><\/svg><\/button><ul data-wp-on--focus=\"actions.openMenuOnFocus\" class=\"wp-block-navigation__submenu-container  menu-item menu-item-type-post_type menu-item-object-page wp-block-navigation-submenu\"><li class=\" wp-block-navigation-item  menu-item menu-item-type-post_type menu-item-object-post wp-block-navigation-link\"><a class=\"wp-block-navigation-item__content\"  href=\"https:\/\/inspeeratio.ch\/weiterdenken\/das-prinzip-demokratie-auch-in-der-wirtschaft\/\" title=\"\"><span class=\"wp-block-navigation-item__label\">Das Prinzip Demokratie auch in der Wirtschaft!<\/span><\/a><\/li><li class=\" wp-block-navigation-item  menu-item menu-item-type-post_type menu-item-object-post wp-block-navigation-link\"><a class=\"wp-block-navigation-item__content\"  href=\"https:\/\/inspeeratio.ch\/weiterdenken\/ein-gutes-leben-macht-sinn\/\" title=\"\"><span class=\"wp-block-navigation-item__label\">Ein gutes Leben macht Sinn!<\/span><\/a><\/li><li class=\" wp-block-navigation-item  menu-item menu-item-type-post_type menu-item-object-post wp-block-navigation-link\"><a class=\"wp-block-navigation-item__content\"  href=\"https:\/\/inspeeratio.ch\/weiterdenken\/wir-sind-alle-gaeste-auf-unserem-planeten\/\" title=\"\"><span class=\"wp-block-navigation-item__label\">Wir sind alle G\u00e4ste auf unserem Planeten!<\/span><\/a><\/li><li class=\" wp-block-navigation-item  menu-item menu-item-type-post_type menu-item-object-post wp-block-navigation-link\"><a class=\"wp-block-navigation-item__content\"  href=\"https:\/\/inspeeratio.ch\/weiterdenken\/entwicklungs-zusammenarbeit-wider-systemzwaenge\/\" title=\"\"><span class=\"wp-block-navigation-item__label\">Entwicklungs-Zusammenarbeit wider Systemzw\u00e4nge<\/span><\/a><\/li><li class=\" wp-block-navigation-item  menu-item menu-item-type-post_type menu-item-object-post wp-block-navigation-link\"><a class=\"wp-block-navigation-item__content\"  href=\"https:\/\/inspeeratio.ch\/weiterdenken\/fuer-eine-differenzierte-antwort-auf-die-umstrittenen-polizeimassnahmen-gegen-eskalierende-demonstrationen\/\" title=\"\"><span class=\"wp-block-navigation-item__label\">F\u00fcr eine differenzierte Antwort auf die umstrittenen Polizeimassnahmen gegen eskalierende Demonstrationen<\/span><\/a><\/li><li class=\" wp-block-navigation-item  menu-item menu-item-type-post_type menu-item-object-post wp-block-navigation-link\"><a class=\"wp-block-navigation-item__content\"  href=\"https:\/\/inspeeratio.ch\/weiterdenken\/inneres-gespuer-als-orientierung\/\" title=\"\"><span class=\"wp-block-navigation-item__label\">Inneres Gesp\u00fcr f\u00fcr Stimmigkeit als Orientierung<\/span><\/a><\/li><li class=\" wp-block-navigation-item  menu-item menu-item-type-post_type menu-item-object-post wp-block-navigation-link\"><a class=\"wp-block-navigation-item__content\"  href=\"https:\/\/inspeeratio.ch\/weiterdenken\/wie-ein-blatt-im-wind\/\" title=\"\"><span class=\"wp-block-navigation-item__label\">Wie ein Blatt im Wind<\/span><\/a><\/li><li class=\" wp-block-navigation-item  menu-item menu-item-type-post_type menu-item-object-post wp-block-navigation-link\"><a class=\"wp-block-navigation-item__content\"  href=\"https:\/\/inspeeratio.ch\/weiterdenken\/nein-zur-umsetzungs-vorlage-fuer-die-oecd-mindeststeuer\/\" title=\"\"><span class=\"wp-block-navigation-item__label\">Nein zur Umsetzungs-Vorlage f\u00fcr die OECD-Mindeststeuer!<\/span><\/a><\/li><\/ul><\/li><li data-wp-context=\"{ &quot;submenuOpenedBy&quot;: { &quot;click&quot;: false, &quot;hover&quot;: false, &quot;focus&quot;: false }, &quot;type&quot;: &quot;submenu&quot;, &quot;modal&quot;: null, &quot;previousFocus&quot;: null }\" data-wp-interactive=\"core\/navigation\" data-wp-on--focusout=\"actions.handleMenuFocusout\" data-wp-on--keydown=\"actions.handleMenuKeydown\" data-wp-on--mouseenter=\"actions.openMenuOnHover\" data-wp-on--mouseleave=\"actions.closeMenuOnHover\" data-wp-watch=\"callbacks.initMenu\" tabindex=\"-1\" class=\"wp-block-navigation-item has-child open-on-hover-click  menu-item menu-item-type-post_type menu-item-object-page wp-block-navigation-submenu\"><a class=\"wp-block-navigation-item__content\" href=\"https:\/\/inspeeratio.ch\/weiterdenken\/psychologie-und-psychiatrie\/\" title=\"\"><span class=\"wp-block-navigation-item__label\">Psychische Gesundheit und Genesung<\/span><\/a><button data-wp-bind--aria-expanded=\"state.isMenuOpen\" data-wp-on--click=\"actions.toggleMenuOnClick\" aria-label=\"Untermen\u00fc von Psychische Gesundheit und Genesung\" class=\"wp-block-navigation__submenu-icon wp-block-navigation-submenu__toggle\" ><svg xmlns=\"http:\/\/www.w3.org\/2000\/svg\" width=\"12\" height=\"12\" viewBox=\"0 0 12 12\" fill=\"none\" aria-hidden=\"true\" focusable=\"false\"><path d=\"M1.50002 4L6.00002 8L10.5 4\" stroke-width=\"1.5\"><\/path><\/svg><\/button><ul data-wp-on--focus=\"actions.openMenuOnFocus\" class=\"wp-block-navigation__submenu-container  menu-item menu-item-type-post_type menu-item-object-page wp-block-navigation-submenu\"><li class=\" wp-block-navigation-item  menu-item menu-item-type-post_type menu-item-object-page wp-block-navigation-link\"><a class=\"wp-block-navigation-item__content\"  href=\"https:\/\/inspeeratio.ch\/weiterdenken\/workshops-und-beratung\/\" title=\"\"><span class=\"wp-block-navigation-item__label\">Workshops und Beratung<\/span><\/a><\/li><li class=\" wp-block-navigation-item  menu-item menu-item-type-post_type menu-item-object-page wp-block-navigation-link\"><a class=\"wp-block-navigation-item__content\"  href=\"https:\/\/inspeeratio.ch\/weiterdenken\/publikationen\/\" title=\"\"><span class=\"wp-block-navigation-item__label\">Publikationen<\/span><\/a><\/li><\/ul><\/li><li class=\" wp-block-navigation-item  menu-item menu-item-type-post_type menu-item-object-page wp-block-navigation-link\"><a class=\"wp-block-navigation-item__content\"  href=\"https:\/\/inspeeratio.ch\/weiterdenken\/poetry\/\" title=\"\"><span class=\"wp-block-navigation-item__label\">Poetry<\/span><\/a><\/li><li class=\" wp-block-navigation-item  menu-item menu-item-type-post_type menu-item-object-page wp-block-navigation-link\"><a class=\"wp-block-navigation-item__content\"  href=\"https:\/\/inspeeratio.ch\/weiterdenken\/pictures\/\" title=\"\"><span class=\"wp-block-navigation-item__label\">Fotographie<\/span><\/a><\/li><li class=\" wp-block-navigation-item  menu-item menu-item-type-post_type menu-item-object-page wp-block-navigation-link\"><a class=\"wp-block-navigation-item__content\"  href=\"https:\/\/inspeeratio.ch\/weiterdenken\/ueber-mich\/\" title=\"\"><span class=\"wp-block-navigation-item__label\">\u00dcber mich<\/span><\/a><\/li><\/ul><\/nav>\n\n\n<p class=\"has-extra-large-font-size\"><\/p>\n\n\n\n<p class=\"has-small-font-size\"><\/p>","protected":false},"excerpt":{"rendered":"<p>Inspiration, Reflexion und Beratung aus Peer-Perspektive Schumacher B. (2023). Was braucht es, damit Behandlungsangebote f\u00fcr Menschen in akuten Krisen hilfreich sind? In: Mahler L., Jarchov-Jadi I., J\u00e4ger M. (2023). Praxishandbuch Akutpsychiatrie, Psychiatrie-Verlag: https:\/\/psychiatrie-verlag.de\/product\/praxishandbuch-akutpsychiatrie\/ Schumacher B. (2022). Wie ein Blatt im Wind. Die Belastung durch Ungewissheit und ihre Transformation. Psychiatrische Pflege, 7 (5): 9-12. Die urspr\u00fcngliche&hellip; <a class=\"more-link\" href=\"https:\/\/inspeeratio.ch\/weiterdenken\/publikationen\/\"><span class=\"screen-reader-text\">Publikationen<\/span> weiterlesen<\/a><\/p>\n","protected":false},"author":2,"featured_media":0,"parent":0,"menu_order":0,"comment_status":"closed","ping_status":"closed","template":"","meta":{"footnotes":""},"class_list":["post-750","page","type-page","status-publish","hentry","entry"],"_links":{"self":[{"href":"https:\/\/inspeeratio.ch\/weiterdenken\/wp-json\/wp\/v2\/pages\/750","targetHints":{"allow":["GET"]}}],"collection":[{"href":"https:\/\/inspeeratio.ch\/weiterdenken\/wp-json\/wp\/v2\/pages"}],"about":[{"href":"https:\/\/inspeeratio.ch\/weiterdenken\/wp-json\/wp\/v2\/types\/page"}],"author":[{"embeddable":true,"href":"https:\/\/inspeeratio.ch\/weiterdenken\/wp-json\/wp\/v2\/users\/2"}],"replies":[{"embeddable":true,"href":"https:\/\/inspeeratio.ch\/weiterdenken\/wp-json\/wp\/v2\/comments?post=750"}],"version-history":[{"count":34,"href":"https:\/\/inspeeratio.ch\/weiterdenken\/wp-json\/wp\/v2\/pages\/750\/revisions"}],"predecessor-version":[{"id":1316,"href":"https:\/\/inspeeratio.ch\/weiterdenken\/wp-json\/wp\/v2\/pages\/750\/revisions\/1316"}],"wp:attachment":[{"href":"https:\/\/inspeeratio.ch\/weiterdenken\/wp-json\/wp\/v2\/media?parent=750"}],"curies":[{"name":"wp","href":"https:\/\/api.w.org\/{rel}","templated":true}]}}